 h be (-1)/(-5) - (-16)/(-5). Let p be x(h). What are the prime factors of m(p)?
2, 3
Let f = 30 - 18. Let k = f + -6. Suppose 2*w - 12 = -0*w + m, -k = -w + 4*m. List the prime factors of w.
2, 3
Let d(u) = -u**2 - 7*u + 4. Let t be d(-7). Let w be ((-35)/14)/((-2)/t). Suppose w*h = 2*h + 9. What are the prime factors of h?
3
Let l(s) = -s**3 + 4*s**2 - 4*s + 1. Let z be l(3). Let h = z - -5. What are the prime factors of h?
3
Suppose -t = 4*c + 2, -t - 5*c - 5 + 2 = 0. Suppose -8 = 5*y + t. List the prime factors of ((-2)/(-5))/(y/(-20)).
2
Suppose 5*o - 10*o + 485 = 0. Let f(d) = d**3 + d**2 + d + 1. Let y be f(-1). Suppose 5*m - k - o = y, 3*k + 8 = -k. List the prime factors of m.
19
Let t be (-2)/(-6) - 70/(-6). Suppose 42 = 3*u - t. What are the prime factors of u?
2, 3
Let f be (-3)/9*0 - 3. What are the prime factors of (-24)/9*f/2?
2
Suppose -2*q - 3*l + 6 = -1, 0 = -5*q - 4*l + 14. Suppose -5*z + 3*m = -186, -2*z + 54 = -q*m - 22. What are the prime factors of z?
2, 3
Let a = 589 - 359. What are the prime factors of a?
2, 5, 23
Let s = 417 + -139. What are the prime factors of s?
2, 139
Suppose -3*y = -2*y - 16. Suppose 2*c + 0*c = 12. Suppose 4*z - c*z = -y. What are the prime factors of z?
2
Let y = 77 + -50. List the prime factors of y.
3
Let a(p) = 2*p**2 + p. Let h be a(2). Suppose 50 = -4*d - h. List the prime factors of ((-6)/d)/((-1)/(-20)).
2
Let g(l) = -l**3 + 10*l**2 - 11*l + 5. Let o be g(8). Suppose 3 = s, s + 1 = -a + o. List the prime factors of a.
41
Suppose -5*w = 19 - 69. List the prime factors of w.
2, 5
Let j = 8 + -5. Suppose 4*o + 26 = -g, -2*o - 2*g = j*g + 22. Let u = o - -12. List the prime factors of u.
2, 3
Suppose -k - 5*i + 92 = -68, i - 697 = -4*k. What are the prime factors of k?
5, 7
What are the prime factors of (-6)/8*1 + (-195)/(-4)?
2, 3
Let f(r) = -5*r - 2. Let i be f(8). Let o = 59 + i. List the prime factors of o.
17
Suppose 4*k - 12 = 0, -4*p = 4*k - 132 + 8. Let v = 63 - p. What are the prime factors of v?
5, 7
Suppose p = 0, p - 5*p = n - 35. What are the prime factors of n?
5, 7
Let r be ((-28)/(-6))/((-10)/(-75)). Suppose r = 2*a + 9. List the prime factors of a.
13
Let d = -2 + 6. Suppose 3*w = d*w - 5. Suppose 40 = 5*x + w*b, 2*x - 5*x = -3*b - 42. What are the prime factors of x?
11
Suppose b + x + 54 = -0*b, 5*b + 270 = 5*x. What are the prime factors of 5/((-15)/b) - 1?
17
Suppose -7*x + 3*x + 212 = 0. What are the prime factors of x?
53
Let t(d) = 7*d + 18. Let q(s) = -s - 1. Let r(n) = 6*q(n) + t(n). What are the prime factors of r(0)?
2, 3
Let l(y) = -y - 2. What are the prime factors of l(-7)?
5
Suppose -3*n + 4*n - 149 = -f, -3*n - f + 447 = 0. What are the prime factors of n?
149
Let b be (12 + 0)*(-2)/4. Let n be (3/b*-6)/1. Let q = 8 - n. What are the prime factors of q?
5
Let b = 7 - 3. Suppose 2*k = -3*a + 83, -b*k - 5*a = -a - 164. List the prime factors of k.
2, 5
List the prime factors of ((-2)/(-4) + 0)*206.
103
Let a be 4/18 + 456/(-108). What are the prime factors of 1*36 + 5 + a?
37
Let k = -119 - -165. What are the prime factors of k?
2, 23
Suppose -7*v - 99 = -10*v. What are the prime factors of v?
3, 11
Suppose -2 = d + 6. Let t be -36*(10/d)/1. Suppose 2*k + 2*k - t = 5*q, 0 = 3*k - 3*q - 30. List the prime factors of k.
5
Let k(f) = 9*f**3 - f**2 + 2*f - 1. Let z be 3 + 1 + -1 + -2. What are the prime factors of k(z)?
3
What are the prime factors of (20 - 2)/(2/5)?
3, 5
Let v be -34 + -8 + 4 - -2. Let s = -26 - v. What are the prime factors of s?
2, 5
Let t = 79 - 55. Let p = -7 + t. What are the prime factors of p?
17
Suppose 0 = n - 2. Suppose -n*l = l - 54. Suppose w + l = 2*w. List the prime factors of w.
2, 3
Let a(y) = y**3 - 2*y**2 + 1. Let g be a(1). Suppose 0 = -p + 28 - g. Suppose -n + p = n. List the prime factors of n.
2, 7
Let d(h) = -8*h - 2. Let i be d(5). Let r = -198 - -139. Let y = i - r. What are the prime factors of y?
17
Let l(g) = -4*g + 2. Let q be l(5). List the prime factors of -3 + q/(-1 - 1).
2, 3
Let z(h) = -h**2 + 7*h - 5. Let t be z(5). Suppose 0 = -b + t + 11. List the prime factors of b.
2
Suppose -s + 7 = -6. Suppose 5*a - 20 = 9*a. Let i = a + s. What are the prime factors of i?
2
Let k(a) be the second derivative of a**4/6 - a**3/3 - a**2 + a. What are the prime factors of k(3)?
2, 5
Suppose -i + 4*b + 52 = -5*i, -4*b + 32 = -3*i. Let u be (-20)/6 - 4/i. Let m = u + 11. What are the prime factors of m?
2
Suppose 16 - 4 = -2*f. Let v = f + 8. List the prime factors of v.
2
Let w(f) = 2*f**3 - 5*f**2 + 4*f - 5. What are the prime factors of w(5)?
2, 5, 7
Let p be (-39)/2 + 1/2. Let h = -7 - p. What are the prime factors of h?
2, 3
Let n = -235 + 413. List the prime factors of n.
2, 89
Suppose 2*h = -2*h + 48. Let n = 8 + -6. Suppose 0 = n*c - h - 4. List the prime factors of c.
2
Suppose f - 4*f = -27. What are the prime factors of f?
3
Let z = 13 - 21. Let x(d) = -d**2 - 7*d - 1. Let o be x(z). Let s = 21 + o. List the prime factors of s.
2, 3
Suppose -p - 3*p = -2*x - 24, 3*p = -5*x - 8. Suppose -3*d + p*j = -37, -2*d + 2*j = 2*d - 46. Suppose 2*q - 1 = d. What are the prime factors of q?
2, 3
Let p = 1 + -1. Suppose p = -d - 2 + 6. Suppose -d - 2 = -2*z. What are the prime factors of z?
3
Let s be 9 + -1 + (-6)/2. Suppose s*o = -5 + 25. List the prime factors of o.
2
Let f = -23 + 30. Let i = 34 + f. List the prime factors of i.
41
Let c(b) = b + 34. What are the prime factors of c(-10)?
2, 3
Let t be (-3)/(-1 - 26/(-24)). Suppose 28 = -2*m - 22. Let a = m - t. What are the prime factors of a?
11
Let x(d) be the first derivative of -d**4/4 + d**3 - 5*d**2/2 + 2*d - 1. Let r be x(3). Let z = -9 - r. What are the prime factors of z?
2
Let y(p) be the third derivative of -p**6/120 - p**5/12 - 5*p**4/24 - 2*p**3/3 + 2*p**2. Let w be y(-4). Suppose w = o + o - 20. List the prime factors of o.
2, 5
Suppose -4*w = -b + 44, -5*w + 3 = 2*b - 20. Suppose x = -3*x + b. What are the prime factors of x?
2, 3
Let x be 26*((-31)/(-2) - 2). List the prime factors of (-4)/10 + x/15.
23
Suppose 2*k = 3*l + 4*k - 65, 4*l - 4*k = 60. Suppose 5*a - 67 = -2*c, -51 = -c - 2*a - l. List the prime factors of c.
2, 13
Suppose 6*c - 23 = 1. List the prime factors of c.
2
Let g = -60 + 299. What are the prime factors of g?
239
Let s = -1 - -10. What are the prime factors of (-3)/9 + 246/s?
3
Let i be (-2)/3*(1 - -2). Suppose 0 = 4*f + 6 - 22, 3*k = 4*f - 22. What are the prime factors of k/((i/(-2))/(-1))?
2
Suppose 27 - 7 = 5*p. What are the prime factors of p?
2
Suppose 5*o = 4*q - 30, -6 = -4*q + 2*o + 18. Suppose -5*s = -q*z - 0*s + 95, 4*z = s + 76. Let a = z - 12. What are the prime factors of a?
7
Let k(x) = -x**3 + 10*x**2 - x + 13. Let w be k(10). Suppose 5*f = w*f - 2. Let d = f - -4. List the prime factors of d.
3
Suppose -15 = -3*q, 5*i + 4*q - 20 = 5*q. List the prime factors of i.
5
What are the prime factors of 475/5 - (0/(-1) - 0)?
5, 19
Suppose 13 + 105 = 2*n. List the prime factors of n.
59
Let z be (-4 + 6)/((-2)/(-9)). Let q = -4 + z. What are the prime factors of (-9)/(-1) + (3 - q)?
7
List the prime factors of (162/(-5))/(-5 + 120/25).
2, 3
Let n = 15 + 52. List the prime factors of n.
67
Let w(a) = -12*a**3 - a**2 + 1. Let x be w(-1). Let p = 15 - x. What are the prime factors of p?
3
Suppose 5 - 11 = -f + p, 5*f - 4*p = 31. List the prime factors of -15*(-3)/(2 + f).
5
Let t(s) = 0 - s - 5 + 4 - 3 + 2*s**2. What are the prime factors of t(4)?
2, 3
Let f = -62 + 98. What are the prime factors of f?
2, 3
Suppose 2*y = 5*n + 14, 0 = n - y + 7 - 3. Let i = n + 4. List the prime factors of i.
2
What are the prime factors of 1*57/6*10?
5, 19
Let c(z) = -28*z - 1. Let g = -21 + 20. What are the prime factors of c(g)?
3
Let z(w) = -27*w**3 - 13*w**2 - 5*w. Let x(r) = -7*r**3 - 3*r**2 - r. Let y(a) = -9*x(a) + 2*z(a). What are the prime factors of y(1)?
3
Let c = -5 + 8. Let r = 0 - c. Let b = 1 - r. List the prime factors of b.
2
Let a(t) = t - 5. Let h be a(7). Suppose n + 61 = 3*l, 2*l - h*n - 29 = n. List the prime factors of l.
2, 11
Suppose -4*m - 14 = 3*u - 2*u, -4*m - 16 = 0. Suppose u*g = -2*g + 12. What are the prime factors of g?
3
Let t(z) = z**2 - 5*z - 6. List the prime factors of t(-8).
2, 7
Let w = 6 - 13. Let c be 4/14